e 13, what is 1b6 - 169?
4a
In base 5, what is -122011 - 11?
-122022
In base 13, what is -2 - 22?
-24
In base 14, what is a49 + -28?
a21
In base 8, what is -14 + 3540?
3524
In base 12, what is -3457 + 89?
-338a
In base 3, what is -1000110021 - -11?
-1000110010
In base 7, what is -503 + 135?
-335
In base 3, what is 11220212 + 2000?
11222212
In base 4, what is 10 + -2333211130?
-2333211120
In base 10, what is -226 - -71?
-155
In base 5, what is -13411 + 43?
-13313
In base 16, what is 3 + c88c?
c88f
In base 14, what is -69 - -73a?
6b1
In base 11, what is -2a82 + -7?
-2a89
In base 9, what is -24 - 573?
-607
In base 4, what is -211133 - 33?
-211232
In base 5, what is 2220 - 101042?
-43322
In base 14, what is -473 - 3a5?
-838
In base 9, what is -4328 + 123?
-4205
In base 6, what is 0 - -325024?
325024
In base 5, what is 323000 - 31?
322414
In base 4, what is 1201 - -1011212?
1013013
In base 2, what is -101101110001001011011 - 1?
-101101110001001011100
In base 14, what is 0 - -68b9?
68b9
In base 6, what is -140400 - -5?
-140351
In base 6, what is -5 - -3033241?
3033232
In base 3, what is 22 + -10220202201?
-10220202102
In base 5, what is 2 + -1431333?
-1431331
In base 16, what is 1 - 11aed?
-11aec
In base 12, what is 1305 - -3?
1308
In base 10, what is -4824 + -24?
-4848
In base 13, what is -12 - 10141?
-10153
In base 6, what is 40015 - -102?
40121
In base 12, what is -8a166 - -4?
-8a162
In base 5, what is 1014 + -131?
333
In base 8, what is 700 - -15413?
16313
In base 15, what is -5 - -661b?
6616
In base 5, what is -123441324 + 4?
-123441320
In base 6, what is 2 + -42203420?
-42203414
In base 11, what is 4 - -2087a?
20883
In base 15, what is 2bd + 6c2?
990
In base 3, what is -20021 - -2200202?
2110111
In base 6, what is 10530 - 113?
10413
In base 3, what is 2 + 22202000?
22202002
In base 13, what is 8 + 2418a?
24195
In base 15, what is -30 + -552?
-582
In base 15, what is 168 - -5c2?
73a
In base 11, what is 5 - -65aa86?
65aa90
In base 14, what is -72ddd - -b?
-72dd2
In base 9, what is -47 + -10038?
-10086
In base 3, what is -12120001111 + -22?
-12120001210
In base 6, what is 4 + -424344?
-424340
In base 13, what is ba884 + 4?
ba888
In base 16, what is -5 + -3d1f2?
-3d1f7
In base 16, what is -11 + 5231?
5220
In base 12, what is 17aa - 1?
17a9
In base 11, what is -9 - -38542?
38534
In base 2, what is 1011 - -110100101?
110110000
In base 16, what is -4 + 42923?
4291f
In base 15, what is -6440 + 5?
-643a
In base 3, what is -22 - -1220200?
1220101
In base 3, what is 21222211 - -10011?
22002222
In base 2, what is 10110111110100111100 - -100?
10110111110101000000
In base 9, what is 48 + 1548?
1607
In base 10, what is -184 - 124?
-308
In base 6, what is 1345 - -54?
1443
In base 10, what is -129357 + 14?
-129343
In base 2, what is 100111010 - -1011010011001?
1011111010011
In base 9, what is -5 - -1217304?
1217288
In base 7, what is 10 - -115036?
115046
In base 8, what is 104 + 4242?
4346
In base 14, what is 4 - -3a3c4?
3a3c8
In base 15, what is 89aa2 - 5?
89a9c
In base 10, what is -6 + 238514?
238508
In base 7, what is 212451 - 1?
212450
In base 2, what is -100101111 + -1000000110010?
-1000101100001
In base 7, what is 1501 - 3066?
-1265
In base 14, what is -11400 - -5?
-113d9
In base 12, what is 11 - -158a6a?
158a7b
In base 16, what is -bb965 - -4?
-bb961
In base 3, what is 10002210 + -101221?
2200212
In base 5, what is 22130 - -133?
22313
In base 4, what is 22102 - -222303?
311011
In base 11, what is -3 + -1567?
-156a
In base 14, what is -b76a + -4?
-b770
In base 13, what is a7b + -2a?
a51
In base 3, what is 110002211001 + -10?
110002210221
In base 13, what is -106bbb + c?
-106bac
In base 15, what is -12 + -83e?
-851
In base 5, what is 1102 + 301?
1403
In base 3, what is 12221111 - -110?
12221221
In base 6, what is 2044342 + 21?
2044403
In base 2, what is -1 + -10010101?
-10010110
In base 14, what is 6c - -3c06?
3c74
In base 6, what is 5 - 10015233?
-10015224
In base 7, what is 100 - -3136?
3236
In base 2, what is -101101010011111011 + -1001?
-101101010100000100
In base 5, what is 4 - -24211010?
24211014
In base 16, what is -16b2 - 3e?
-16f0
In base 11, what is -7594 - 5?
-7599
In base 16, what is 4ada - 96?
4a44
In base 2, what is 1010100100000 - -100001?
1010101000001
In base 8, what is -1462 - 74?
-1556
In base 7, what is -102 + 10424?
10322
In base 10, what is 359 - 327?
32
In base 4, what is 1131132 + 11102?
1202300
In base 12, what is 22a78 - 14?
22a64
In base 13, what is 14 + -46ab?
-4697
In base 6, what is -24015015 + 0?
-24015015
In base 7, what is 1244154 + -23?
1244131
In base 13, what is 759b - -2a?
75c8
In base 15, what is -a - -65c4?
65b9
In base 8, what is 4207 - 1?
4206
In base 6, what is 50 - 1140205?
-1140115
In base 10, what is -1087569 + -3?
-1087572
In base 10, what is 74 - -229?
303
In base 4, what is -10010111 + -10?
-10010121
In base 15, what is -7150 - -4?
-714b
In base 10, what is 2874 - 24?
2850
In base 8, what is 303613 - 3?
303610
In base 7, what is 1100326 + -5?
1100321
In base 13, what is 337 - -184?
4bb
In base 6, what is -12320 + 111?
-12205
In base 7, what is -1534 - 2531?
-4365
In base 10, what is -1 + 5227?
5226
In base 11, what is -6 + 20145?
2013a
In base 9, what is 812 + -1056?
-144
In base 4, what is 2213000 + -2022?
2210312
In base 16, what is -33 + -586?
-5b9
In base 9, what is -1 - -12872?
12871
In base 15, what is -2 - -3a7c7?
3a7c5
In base 6, what is 21101 - 1?
21100
In base 15, what is d809 + -7?
d802
In base 11, what is 4 + 50287?
50290
In base 10, what is -2 - -8538?
8536
In base 5, what is 1424331103 + -10?
1424331043
In base 8, what is 4035 - 31?
4004
In base 13, what is -294 + 35?
-25c
In base 11, what is -525 + -1024?
-1549
In base 5, what is -132434123 + -10?
-132434133
In base 11, what is -6 - -173457?
173451
In base 2, what is -10001111 + 10000110?
-1001
In base 11, what is -37 + 4401?
4375
In base 8, what is 145461 + -1?
145460
In base 9, what is -82056 - -3?
-82053
In base 11, what is -1 + -26a349?
-26a34a
In base 11, what is 50 + 16736?
16786
In base 5, what is -300132 + -1?
-300133
In base 3, what is -1 + 111221201?
111221200
In base 10, what is -1048 + -22?
-1070
In base 15, what is -3208 + -227?
-3430
In base 5, what is -10 - -222432?
222422
In base 14, what is 7b - 206b?
-1dd0
In base 8, what is 511 + -15?
474
In base 4, what is -2 + -10323013210?
-10323013212
In base 12, what is -a885 + -15?
-a89a
In base 16, what is -99d1 - 3?
-99d4
In base 7, what is 45 + -2545?
-2500
In base 8, what is -601523 - -15?
-601506
In base 4, what is -1030321310 + 0?
-1030321310
In base 10, what is -183 - -125?
-58
In base 10, what is -2279 - -2?
-2277
In base 9, what is 5 - 310280?
-310274
In base 3, what is 10010022111 + -1?
10010022110
In base 4, what is -23 - -23121?
23032
In base 15, what is 32 + -b3c3?
-b391
In base 2, what is 10 + -10111111000111110?
-10111111000111100
In base 12, what is -8a68 + 28?
-8a40
In base 14, what is -6d - 2579?
-2608
In base 15, what is 523 - 3a?
4d8
In base 3, what is -100010210012000 - -10?
-100010210011220
In base 13, what is 138bb + -4?
138b7
In base 13, what is 130055 + -2?
130053
In base 8, what is 4 - 7123133?
-7123127
In base 11, what is -248643 - -3?
-248640
In base 9, what is 17 - 20157?
-20140
In base 14, what is 124 + -309?
-1c5
In base 4, what is -113231222 - -32?
-113231130
In base 7, what is 1112134 - 3?
1112131
In base 8, what is -131 - -102?
-27
In base 14, what is -618bb - -9?
-618b2
In base 3, what is 11000002101 - -110?
11000002211
In base 2, what is -100100110101110111 + -11?
-100100110101111010
In base 12, what is -a9 + 9b3?
906
In base 13, what is -1cc6 - -24?
-1ca2
In base 11, what is 23 - 177422?
-1773aa
In base 10, what is -22 - 141305?
-141327
In base 11, what is -1 + -31422?
-31423
In base 8, what is 3255610 - -4?
3255614
In base 9, what is -303 + 4471?
4167
In base 11, what is -26 + a8?
82
In base 14, what is 10b + -25a?
-14d
In base 16, what is 2 + -1864?
-1862
In base 4, what is -110013 - -12110?
-31303
In base 3, what is -2100 + 10100022?
10020222
In base 15, what is -4d8 + 17?
-4c1
In base 10, what is 5 - -88270?
88275
In base 9, what is -18 - 8864?
-8883
In base 15, what is 7 + 7668d?
76695
In base 5, what is -22 - -12344421?
12344344
In base 1